[INFO] fetching crate weldmock 0.0.1-alpha.5...
[INFO] checking weldmock-0.0.1-alpha.5 against try#72f88fc4e9458f89516a0b8b0868f3718aec5b47 for pr-74989
[INFO] extracting crate weldmock 0.0.1-alpha.5 into /workspace/builds/worker-13/source
[INFO] validating manifest of crates.io crate weldmock 0.0.1-alpha.5 on toolchain 72f88fc4e9458f89516a0b8b0868f3718aec5b47
[INFO] running `Command { std: "/workspace/cargo-home/bin/cargo" "+72f88fc4e9458f89516a0b8b0868f3718aec5b47" "read-manifest" "--manifest-path" "Cargo.toml", kill_on_drop: false }`
[INFO] started tweaking crates.io crate weldmock 0.0.1-alpha.5
[INFO] finished tweaking crates.io crate weldmock 0.0.1-alpha.5
[INFO] tweaked toml for crates.io crate weldmock 0.0.1-alpha.5 written to /workspace/builds/worker-13/source/Cargo.toml
[INFO] running `Command { std: "/workspace/cargo-home/bin/cargo" "+72f88fc4e9458f89516a0b8b0868f3718aec5b47" "generate-lockfile" "--manifest-path" "Cargo.toml" "-Zno-index-update", kill_on_drop: false }`
[INFO] [stderr]     Blocking waiting for file lock on package cache
[INFO] running `Command { std: "/workspace/cargo-home/bin/cargo" "+72f88fc4e9458f89516a0b8b0868f3718aec5b47" "fetch" "--locked" "--manifest-path" "Cargo.toml", kill_on_drop: false }`
[INFO] [stderr]     Blocking waiting for file lock on package cache
[INFO] [stderr]     Blocking waiting for file lock on package cache
[INFO] running `Command { std: "docker" "create" "-v" "/var/lib/crater-agent-workspace/builds/worker-13/target:/opt/rustwide/target:rw,Z" "-v" "/var/lib/crater-agent-workspace/builds/worker-13/source:/opt/rustwide/workdir:ro,Z" "-v" "/var/lib/crater-agent-workspace/cargo-home:/opt/rustwide/cargo-home:ro,Z" "-v" "/var/lib/crater-agent-workspace/rustup-home:/opt/rustwide/rustup-home:ro,Z" "-e" "SOURCE_DIR=/opt/rustwide/workdir" "-e" "CARGO_TARGET_DIR=/opt/rustwide/target" "-e" "CARGO_HOME=/opt/rustwide/cargo-home" "-e" "RUSTUP_HOME=/opt/rustwide/rustup-home" "-w" "/opt/rustwide/workdir" "-m" "1610612736" "--user" "0:0" "--network" "none" "rustops/crates-build-env@sha256:d92eaeed33fa75130ca1ee6c8a01d1ffb62bac859dfdfb3450e3e5d1c0146529" "/opt/rustwide/cargo-home/bin/cargo" "+72f88fc4e9458f89516a0b8b0868f3718aec5b47" "metadata" "--no-deps" "--format-version=1", kill_on_drop: false }`
[INFO] [stdout] 853c243254b581acfe7e665c52db66d53e55f890fe48ec732a8c1c385d41e2e5
[INFO] [stderr] WARNING: Your kernel does not support swap limit capabilities or the cgroup is not mounted. Memory limited without swap.
[INFO] running `Command { std: "docker" "start" "-a" "853c243254b581acfe7e665c52db66d53e55f890fe48ec732a8c1c385d41e2e5", kill_on_drop: false }`
[INFO] running `Command { std: "docker" "inspect" "853c243254b581acfe7e665c52db66d53e55f890fe48ec732a8c1c385d41e2e5", kill_on_drop: false }`
[INFO] running `Command { std: "docker" "rm" "-f" "853c243254b581acfe7e665c52db66d53e55f890fe48ec732a8c1c385d41e2e5", kill_on_drop: false }`
[INFO] [stdout] 853c243254b581acfe7e665c52db66d53e55f890fe48ec732a8c1c385d41e2e5
[INFO] running `Command { std: "docker" "create" "-v" "/var/lib/crater-agent-workspace/builds/worker-13/target:/opt/rustwide/target:rw,Z" "-v" "/var/lib/crater-agent-workspace/builds/worker-13/source:/opt/rustwide/workdir:ro,Z" "-v" "/var/lib/crater-agent-workspace/cargo-home:/opt/rustwide/cargo-home:ro,Z" "-v" "/var/lib/crater-agent-workspace/rustup-home:/opt/rustwide/rustup-home:ro,Z" "-e" "SOURCE_DIR=/opt/rustwide/workdir" "-e" "CARGO_TARGET_DIR=/opt/rustwide/target" "-e" "CARGO_INCREMENTAL=0" "-e" "RUST_BACKTRACE=full" "-e" "RUSTFLAGS=--cap-lints=forbid" "-e" "CARGO_HOME=/opt/rustwide/cargo-home" "-e" "RUSTUP_HOME=/opt/rustwide/rustup-home" "-w" "/opt/rustwide/workdir" "-m" "1610612736" "--user" "0:0" "--network" "none" "rustops/crates-build-env@sha256:d92eaeed33fa75130ca1ee6c8a01d1ffb62bac859dfdfb3450e3e5d1c0146529" "/opt/rustwide/cargo-home/bin/cargo" "+72f88fc4e9458f89516a0b8b0868f3718aec5b47" "check" "--frozen" "--all" "--all-targets" "--message-format=json", kill_on_drop: false }`
[INFO] [stdout] 7e3c5e94ca03419c816ea960896ebf25dceed38a9a4720ccddee18a67e7a4545
[INFO] [stderr] WARNING: Your kernel does not support swap limit capabilities or the cgroup is not mounted. Memory limited without swap.
[INFO] running `Command { std: "docker" "start" "-a" "7e3c5e94ca03419c816ea960896ebf25dceed38a9a4720ccddee18a67e7a4545", kill_on_drop: false }`
[INFO] [stderr]    Compiling libc v0.2.77
[INFO] [stderr]     Checking cfg-if v0.1.10
[INFO] [stderr]    Compiling log v0.4.11
[INFO] [stderr]    Compiling slog v2.5.2
[INFO] [stderr]    Compiling httparse v1.3.4
[INFO] [stderr]    Compiling syn v1.0.40
[INFO] [stderr]    Compiling serde v1.0.116
[INFO] [stderr]     Checking take_mut v0.2.2
[INFO] [stderr]     Checking language-tags v0.2.2
[INFO] [stderr]     Checking itoa v0.4.6
[INFO] [stderr]     Checking percent-encoding v1.0.1
[INFO] [stderr]    Compiling num-traits v0.2.12
[INFO] [stderr]    Compiling num-integer v0.1.43
[INFO] [stderr]     Checking base64 v0.9.3
[INFO] [stderr]     Checking crossbeam-utils v0.7.2
[INFO] [stderr]     Checking log v0.3.9
[INFO] [stderr]     Checking want v0.0.4
[INFO] [stderr]     Checking tokio-executor v0.1.10
[INFO] [stderr]     Checking crossbeam-epoch v0.8.2
[INFO] [stderr]     Checking crossbeam-queue v0.2.3
[INFO] [stderr]     Checking crossbeam-channel v0.4.4
[INFO] [stderr]     Checking tokio-current-thread v0.1.7
[INFO] [stderr]     Checking tokio-timer v0.2.13
[INFO] [stderr]     Checking crossbeam-deque v0.7.3
[INFO] [stderr]     Checking slog-async v2.5.0
[INFO] [stderr]     Checking iovec v0.1.4
[INFO] [stderr]     Checking num_cpus v1.13.0
[INFO] [stderr]     Checking net2 v0.2.35
[INFO] [stderr]     Checking parking_lot_core v0.6.2
[INFO] [stderr]     Checking time v0.1.44
[INFO] [stderr]     Checking dirs-sys v0.3.5
[INFO] [stderr]     Checking rand v0.4.6
[INFO] [stderr]     Checking atty v0.2.14
[INFO] [stderr]     Checking dirs v2.0.2
[INFO] [stderr]     Checking term v0.6.1
[INFO] [stderr]     Checking tokio-threadpool v0.1.18
[INFO] [stderr]     Checking futures-cpupool v0.1.8
[INFO] [stderr]     Checking bytes v0.4.12
[INFO] [stderr]     Checking parking_lot v0.9.0
[INFO] [stderr]     Checking mio v0.6.22
[INFO] [stderr]     Checking chrono v0.4.15
[INFO] [stderr]     Checking tokio-io v0.1.13
[INFO] [stderr]     Checking rand v0.3.23
[INFO] [stderr]     Checking tokio-codec v0.1.2
[INFO] [stderr]     Checking tokio-fs v0.1.7
[INFO] [stderr]     Checking tokio-reactor v0.1.12
[INFO] [stderr]     Checking mio-uds v0.6.8
[INFO] [stderr]     Checking tokio-tcp v0.1.4
[INFO] [stderr]     Checking tokio-uds v0.2.7
[INFO] [stderr]     Checking tokio-udp v0.1.6
[INFO] [stderr]     Checking slog-term v2.6.0
[INFO] [stderr]     Checking tokio v0.1.22
[INFO] [stderr]     Checking tokio-core v0.1.17
[INFO] [stderr]    Compiling serde_derive v1.0.116
[INFO] [stderr]     Checking tokio-proto v0.1.1
[INFO] [stderr]     Checking serde_json v1.0.57
[INFO] [stderr]     Checking hyper v0.11.27
[INFO] [stderr]     Checking weldmock v0.0.1-alpha.5 (/opt/rustwide/workdir)
[INFO] [stdout] error[E0603]: enum `ErrorCode` is private
[INFO] [stdout]    --> src/database/query_api/filter.rs:5:24
[INFO] [stdout]     |
[INFO] [stdout] 5   | use serde_json::error::ErrorCode::Message;
[INFO] [stdout]     |                        ^^^^^^^^^ private enum
[INFO] [stdout]     |
[INFO] [stdout] note: the enum `ErrorCode` is defined here
[INFO] [stdout]    --> /opt/rustwide/cargo-home/registry/src/github.com-1ecc6299db9ec823/serde_json-1.0.57/src/error.rs:176:1
[INFO] [stdout]     |
[INFO] [stdout] 176 | pub(crate) enum ErrorCode {
[INFO] [stdout]     | ^^^^^^^^^^^^^^^^^^^^^^^^^
[INFO] [stdout] 
[INFO] [stdout] 
[INFO] [stdout] warning: unused doc comment
[INFO] [stdout]   --> src/weld.rs:12:1
[INFO] [stdout]    |
[INFO] [stdout] 12 | ///Initializes lazy statics.
[INFO] [stdout]    | ^^^^^^^^^^^^^^^^^^^^^^^^^^^^ rustdoc does not generate documentation for macro invocations
[INFO] [stdout]    |
[INFO] [stdout]    = note: `#[warn(unused_doc_comments)]` on by default
[INFO] [stdout]    = help: to document an item produced by a macro, the macro must produce the documentation as part of its expansion
[INFO] [stdout] 
[INFO] [stdout] 
[INFO] [stdout] warning: trait objects without an explicit `dyn` are deprecated
[INFO] [stdout]   --> src/service/utils.rs:13:22
[INFO] [stdout]    |
[INFO] [stdout] 13 | type FutureBox = Box<futures::Future<Item = Response, Error = Error>>;
[INFO] [stdout]    |                      ^^^^^^^^^^^^^^^^^^^^^^^^^^^^^^^^^^^^^^^^^^^^^^^ help: use `dyn`: `dyn futures::Future<Item = Response, Error = Error>`
[INFO] [stdout]    |
[INFO] [stdout]    = note: `#[warn(bare_trait_objects)]` on by default
[INFO] [stdout] 
[INFO] [stdout] 
[INFO] [stdout] warning: trait objects without an explicit `dyn` are deprecated
[INFO] [stdout]   --> src/service/mod.rs:20:22
[INFO] [stdout]    |
[INFO] [stdout] 20 | type FutureBox = Box<Future<Item = Response, Error = Error>>;
[INFO] [stdout]    |                      ^^^^^^^^^^^^^^^^^^^^^^^^^^^^^^^^^^^^^^ help: use `dyn`: `dyn Future<Item = Response, Error = Error>`
[INFO] [stdout] 
[INFO] [stdout] 
[INFO] [stdout] error[E0603]: enum `ErrorCode` is private
[INFO] [stdout]    --> src/database/query_api/filter.rs:5:24
[INFO] [stdout]     |
[INFO] [stdout] 5   | use serde_json::error::ErrorCode::Message;
[INFO] [stdout]     |                        ^^^^^^^^^ private enum
[INFO] [stdout]     |
[INFO] [stdout] note: the enum `ErrorCode` is defined here
[INFO] [stdout]    --> /opt/rustwide/cargo-home/registry/src/github.com-1ecc6299db9ec823/serde_json-1.0.57/src/error.rs:176:1
[INFO] [stdout]     |
[INFO] [stdout] 176 | pub(crate) enum ErrorCode {
[INFO] [stdout]     | ^^^^^^^^^^^^^^^^^^^^^^^^^
[INFO] [stdout] 
[INFO] [stdout] 
[INFO] [stdout] warning: unused doc comment
[INFO] [stdout]   --> src/weld.rs:12:1
[INFO] [stdout]    |
[INFO] [stdout] 12 | ///Initializes lazy statics.
[INFO] [stdout]    | ^^^^^^^^^^^^^^^^^^^^^^^^^^^^ rustdoc does not generate documentation for macro invocations
[INFO] [stdout]    |
[INFO] [stdout]    = note: `#[warn(unused_doc_comments)]` on by default
[INFO] [stdout]    = help: to document an item produced by a macro, the macro must produce the documentation as part of its expansion
[INFO] [stdout] 
[INFO] [stdout] 
[INFO] [stdout] warning: trait objects without an explicit `dyn` are deprecated
[INFO] [stdout]   --> src/service/utils.rs:13:22
[INFO] [stdout]    |
[INFO] [stdout] 13 | type FutureBox = Box<futures::Future<Item = Response, Error = Error>>;
[INFO] [stdout]    |                      ^^^^^^^^^^^^^^^^^^^^^^^^^^^^^^^^^^^^^^^^^^^^^^^ help: use `dyn`: `dyn futures::Future<Item = Response, Error = Error>`
[INFO] [stdout]    |
[INFO] [stdout]    = note: `#[warn(bare_trait_objects)]` on by default
[INFO] [stdout] 
[INFO] [stdout] 
[INFO] [stdout] warning: trait objects without an explicit `dyn` are deprecated
[INFO] [stdout]   --> src/service/mod.rs:20:22
[INFO] [stdout]    |
[INFO] [stdout] 20 | type FutureBox = Box<Future<Item = Response, Error = Error>>;
[INFO] [stdout]    |                      ^^^^^^^^^^^^^^^^^^^^^^^^^^^^^^^^^^^^^^ help: use `dyn`: `dyn Future<Item = Response, Error = Error>`
[INFO] [stdout] 
[INFO] [stdout] 
[INFO] [stdout] error[E0624]: associated function `syntax` is private
[INFO] [stdout]   --> src/database/query_api/filter.rs:45:24
[INFO] [stdout]    |
[INFO] [stdout] 45 |             Err(Error::syntax(error, 1, 1))
[INFO] [stdout]    |                        ^^^^^^ private associated function
[INFO] [stdout] 
[INFO] [stdout] 
[INFO] [stdout] error[E0624]: associated function `syntax` is private
[INFO] [stdout]   --> src/database/query_api/filter.rs:45:24
[INFO] [stdout]    |
[INFO] [stdout] 45 |             Err(Error::syntax(error, 1, 1))
[INFO] [stdout]    |                        ^^^^^^ private associated function
[INFO] [stdout] 
[INFO] [stdout] 
[INFO] [stdout] error: aborting due to 2 previous errors; 3 warnings emitted
[INFO] [stdout] 
[INFO] [stdout] 
[INFO] [stdout] Some errors have detailed explanations: E0603, E0624.
[INFO] [stdout] 
[INFO] [stdout] For more information about an error, try `rustc --explain E0603`.
[INFO] [stdout] 
[INFO] [stderr] error: could not compile `weldmock`.
[INFO] [stdout] error: aborting due to 2 previous errors; 3 warnings emitted
[INFO] [stdout] 
[INFO] [stdout] 
[INFO] [stderr] 
[INFO] [stdout] Some errors have detailed explanations: E0603, E0624.
[INFO] [stdout] 
[INFO] [stderr] To learn more, run the command again with --verbose.
[INFO] [stdout] For more information about an error, try `rustc --explain E0603`.
[INFO] [stdout] 
[INFO] [stderr] warning: build failed, waiting for other jobs to finish...
[INFO] [stderr] error: build failed
[INFO] running `Command { std: "docker" "inspect" "7e3c5e94ca03419c816ea960896ebf25dceed38a9a4720ccddee18a67e7a4545", kill_on_drop: false }`
[INFO] running `Command { std: "docker" "rm" "-f" "7e3c5e94ca03419c816ea960896ebf25dceed38a9a4720ccddee18a67e7a4545", kill_on_drop: false }`
[INFO] [stdout] 7e3c5e94ca03419c816ea960896ebf25dceed38a9a4720ccddee18a67e7a4545
